{"id":1115,"date":"2023-10-13T21:34:40","date_gmt":"2023-10-13T21:34:40","guid":{"rendered":"https:\/\/armazemdastropelias.pt\/?page_id=1115"},"modified":"2025-04-16T17:47:00","modified_gmt":"2025-04-16T17:47:00","slug":"condicoes-gerais","status":"publish","type":"page","link":"https:\/\/armazemdastropelias.pt\/?page_id=1115","title":{"rendered":"Condi\u00e7\u00f5es Gerais"},"content":{"rendered":"\t\t<div data-elementor-type=\"wp-page\" data-elementor-id=\"1115\" class=\"elementor elementor-1115\">\n\t\t\t\t\t\t<section class=\"elementor-section elementor-top-section elementor-element elementor-element-709a9a5 elementor-section-boxed elementor-section-height-default elementor-section-height-default\" data-id=\"709a9a5\" data-element_type=\"section\" data-e-type=\"section\">\n\t\t\t\t\t\t<div class=\"elementor-container elementor-column-gap-default\">\n\t\t\t\t\t<div class=\"elementor-column elementor-col-100 elementor-top-column elementor-element elementor-element-82be68f\" data-id=\"82be68f\" data-element_type=\"column\" data-e-type=\"column\">\n\t\t\t<div class=\"elementor-widget-wrap elementor-element-populated\">\n\t\t\t\t\t\t<div class=\"elementor-element elementor-element-b6ee048 elementor-widget-divider--view-line elementor-widget elementor-widget-divider\" data-id=\"b6ee048\" data-element_type=\"widget\" data-e-type=\"widget\" data-widget_type=\"divider.default\">\n\t\t\t\t<div class=\"elementor-widget-container\">\n\t\t\t\t\t\t\t<div class=\"elementor-divider\">\n\t\t\t<span class=\"elementor-divider-separator\">\n\t\t\t\t\t\t<\/span>\n\t\t<\/div>\n\t\t\t\t\t\t<\/div>\n\t\t\t\t<\/div>\n\t\t\t\t\t<\/div>\n\t\t<\/div>\n\t\t\t\t\t<\/div>\n\t\t<\/section>\n\t\t\t\t<section class=\"elementor-section elementor-top-section elementor-element elementor-element-5780ed0 elementor-section-boxed elementor-section-height-default elementor-section-height-default\" data-id=\"5780ed0\" data-element_type=\"section\" data-e-type=\"section\">\n\t\t\t\t\t\t<div class=\"elementor-container elementor-column-gap-default\">\n\t\t\t\t\t<div class=\"elementor-column elementor-col-100 elementor-top-column elementor-element elementor-element-d5d4229\" data-id=\"d5d4229\" data-element_type=\"column\" data-e-type=\"column\">\n\t\t\t<div class=\"elementor-widget-wrap elementor-element-populated\">\n\t\t\t\t\t\t<div class=\"elementor-element elementor-element-2072460 elementor-widget elementor-widget-heading\" data-id=\"2072460\" data-element_type=\"widget\" data-e-type=\"widget\" data-widget_type=\"heading.default\">\n\t\t\t\t<div class=\"elementor-widget-container\">\n\t\t\t\t\t<h3 class=\"elementor-heading-title elementor-size-default\">Condi\u00e7\u00f5es Gerais, de leitura obrigat\u00f3ria, para a realiza\u00e7\u00e3o de Festas de Anivers\u00e1rio.<\/h3>\t\t\t\t<\/div>\n\t\t\t\t<\/div>\n\t\t\t\t\t<\/div>\n\t\t<\/div>\n\t\t\t\t\t<\/div>\n\t\t<\/section>\n\t\t\t\t<section class=\"elementor-section elementor-top-section elementor-element elementor-element-80ab1b0 elementor-section-boxed elementor-section-height-default elementor-section-height-default\" data-id=\"80ab1b0\" data-element_type=\"section\" data-e-type=\"section\">\n\t\t\t\t\t\t<div class=\"elementor-container elementor-column-gap-default\">\n\t\t\t\t\t<div class=\"elementor-column elementor-col-100 elementor-top-column elementor-element elementor-element-f672fb3\" data-id=\"f672fb3\" data-element_type=\"column\" data-e-type=\"column\">\n\t\t\t<div class=\"elementor-widget-wrap elementor-element-populated\">\n\t\t\t\t\t\t<div class=\"elementor-element elementor-element-4b83d27 elementor-widget elementor-widget-text-editor\" data-id=\"4b83d27\" data-element_type=\"widget\" data-e-type=\"widget\" data-widget_type=\"text-editor.default\">\n\t\t\t\t<div class=\"elementor-widget-container\">\n\t\t\t\t\t\t\t\t\t<ul><li>Preenchimento da <a href=\"https:\/\/armazemdastropelias.pt\/ficha-de-inscricao-aniversario\/\" target=\"_blank\" rel=\"noopener\">Ficha de Inscri\u00e7\u00e3o<\/a> no site ou atrav\u00e9s do ficheiro enviado via mail.<\/li><li>Reserva: 40\u20ac aquando da reserva para o IBAN: PT50 0007 0000 0041 3050 0572 3. Indicar na descri\u00e7\u00e3o do pagamento o nome do pai\/m\u00e3e que fez o contacto; O restante ser\u00e1 pago no final da festa.<\/li><li>M\u00ednimo por festa: 10 convidados. No caso de o n\u00famero ser inferior, o pagamento ser\u00e1 sempre no m\u00ednimo de 10 crian\u00e7as. No caso de festas em conjunto, o n\u00famero m\u00ednimo \u00e9 20 convidados e o valor de reserva ser\u00e1 de 40\u20ac por aniversario.<\/li><li>Confirma\u00e7\u00e3o do n\u00ba de crian\u00e7as e menus com 48 horas de anteced\u00eancia.<\/li><li>Uso obrigat\u00f3rio de meias.<\/li><li>Crian\u00e7as at\u00e9 aos 12 anos.<\/li><li>Elabora\u00e7\u00e3o de menus para crian\u00e7as com restri\u00e7\u00f5es alimentares.<\/li><li>O lanche tem a dura\u00e7\u00e3o de 30 minutos, exceto no Menu Gatinhices.<\/li><li>Todos os extras do lanche e restri\u00e7\u00f5es alimentares devem ser solicitados aquando da reserva.<\/li><li>As atividades extra carecem de confirma\u00e7\u00e3o junto dos nossos parceiros pelo que n\u00e3o as podemos garantir se n\u00e3o forem solicitadas com 3 semanas de anteced\u00eancia.<\/li><li>N\u00e3o s\u00e3o permitidas quaisquer atividades extra que n\u00e3o sejam fornecidas por n\u00f3s.<\/li><li>As festas podem ocorrer aos fins-de-semana ou feriados, quer nos per\u00edodos da manh\u00e3 (entre as 10 e as 13 horas), quer nos da tarde (entre as 14 e as 19 horas).<\/li><li>Apenas os pais do aniversariante podem entrar e permanecer no interior do Armaz\u00e9m das Tropelias. Abrimos tamb\u00e9m uma exce\u00e7\u00e3o para um dos pais dos meninos com idade inferior a 2 anos. A entrada destes adultos no interior do parque infantil carece <br \/>do uso de meias.<\/li><\/ul>\t\t\t\t\t\t\t\t<\/div>\n\t\t\t\t<\/div>\n\t\t\t\t\t<\/div>\n\t\t<\/div>\n\t\t\t\t\t<\/div>\n\t\t<\/section>\n\t\t\t\t<section class=\"elementor-section elementor-top-section elementor-element elementor-element-fd69627 elementor-section-boxed elementor-section-height-default elementor-section-height-default\" data-id=\"fd69627\" data-element_type=\"section\" data-e-type=\"section\">\n\t\t\t\t\t\t<div class=\"elementor-container elementor-column-gap-default\">\n\t\t\t\t\t<div class=\"elementor-column elementor-col-100 elementor-top-column elementor-element elementor-element-98dfa43\" data-id=\"98dfa43\" data-element_type=\"column\" data-e-type=\"column\">\n\t\t\t<div class=\"elementor-widget-wrap elementor-element-populated\">\n\t\t\t\t\t\t<div class=\"elementor-element elementor-element-d3129f6 elementor-widget-divider--view-line elementor-widget elementor-widget-divider\" data-id=\"d3129f6\" data-element_type=\"widget\" data-e-type=\"widget\" data-widget_type=\"divider.default\">\n\t\t\t\t<div class=\"elementor-widget-container\">\n\t\t\t\t\t\t\t<div class=\"elementor-divider\">\n\t\t\t<span class=\"elementor-divider-separator\">\n\t\t\t\t\t\t<\/span>\n\t\t<\/div>\n\t\t\t\t\t\t<\/div>\n\t\t\t\t<\/div>\n\t\t\t\t\t<\/div>\n\t\t<\/div>\n\t\t\t\t\t<\/div>\n\t\t<\/section>\n\t\t\t\t<\/div>\n\t\t","protected":false},"excerpt":{"rendered":"<p>Condi\u00e7\u00f5es Gerais, de leitura obrigat\u00f3ria, para a realiza\u00e7\u00e3o de Festas de Anivers\u00e1rio. Preenchimento da Ficha de Inscri\u00e7\u00e3o no site ou atrav\u00e9s do ficheiro enviado via mail. Reserva: 40\u20ac aquando da reserva para o IBAN: PT50 0007 0000 0041 3050 0572 3. Indicar na descri\u00e7\u00e3o do pagamento o nome do pai\/m\u00e3e que fez o contacto; O&#8230;<\/p>\n","protected":false},"author":3,"featured_media":0,"parent":0,"menu_order":0,"comment_status":"closed","ping_status":"closed","template":"","meta":{"_kad_post_transparent":"","_kad_post_title":"","_kad_post_layout":"","_kad_post_sidebar_id":"","_kad_post_content_style":"","_kad_post_vertical_padding":"","_kad_post_feature":"","_kad_post_feature_position":"","_kad_post_header":false,"_kad_post_footer":false,"_kad_post_classname":"","footnotes":""},"class_list":["post-1115","page","type-page","status-publish","hentry"],"_links":{"self":[{"href":"https:\/\/armazemdastropelias.pt\/index.php?rest_route=\/wp\/v2\/pages\/1115","targetHints":{"allow":["GET"]}}],"collection":[{"href":"https:\/\/armazemdastropelias.pt\/index.php?rest_route=\/wp\/v2\/pages"}],"about":[{"href":"https:\/\/armazemdastropelias.pt\/index.php?rest_route=\/wp\/v2\/types\/page"}],"author":[{"embeddable":true,"href":"https:\/\/armazemdastropelias.pt\/index.php?rest_route=\/wp\/v2\/users\/3"}],"replies":[{"embeddable":true,"href":"https:\/\/armazemdastropelias.pt\/index.php?rest_route=%2Fwp%2Fv2%2Fcomments&post=1115"}],"version-history":[{"count":28,"href":"https:\/\/armazemdastropelias.pt\/index.php?rest_route=\/wp\/v2\/pages\/1115\/revisions"}],"predecessor-version":[{"id":2254,"href":"https:\/\/armazemdastropelias.pt\/index.php?rest_route=\/wp\/v2\/pages\/1115\/revisions\/2254"}],"wp:attachment":[{"href":"https:\/\/armazemdastropelias.pt\/index.php?rest_route=%2Fwp%2Fv2%2Fmedia&parent=1115"}],"curies":[{"name":"wp","href":"https:\/\/api.w.org\/{rel}","templated":true}]}}